emainder when h is divided by w.
8
Suppose 4*d + 0*d + 32 = 4*p, 2*p + 4*d = 4. Suppose -2*m = -p*m + 8. What is the remainder when -1 - 1/((-2)/6) is divided by m?
0
Let f = 789 + -286. What is the remainder when f is divided by 24?
23
Let g = 49 + -90. Let h = 59 + g. Calculate the remainder when (77/14)/(-11)*-140 is divided by h.
16
Suppose 396 = 2*a + 10*a. Calculate the remainder when 46 is divided by a.
13
Let y = -9 - 15. Let m = 62 - 103. Let u = y - m. What is the remainder when 66 is divided by u?
15
Suppose -2*u + 4*o = u - 52, 2*u - 20 = -o. Calculate the remainder when u/12 + 30/1 is divided by 11.
9
Let l = -7 - -12. Let t = 108 + -70. Suppose 4*g + 3*q - 45 = 0, 3*g + 3*q + 2 = t. What is the remainder when g is divided by l?
4
Suppose -4*l + 120 = -4*q, -l + 6*q - 2*q + 30 = 0. Suppose -17*j + l = -15*j. Calculate the remainder when j is divided by 9.
6
Suppose -r + 1245 = -4*m + 7*m, -1649 = -4*m - 5*r. Calculate the remainder when m is divided by 14.
10
Suppose -3*m + 3*b = -90 - 18, 4*m + 5*b = 153. Calculate the remainder when 515 is divided by m.
34
Let o(h) = 5*h**2 - 3*h + 11. Let n(m) = -6*m**2 + 3*m - 12. Let r(z) = 6*n(z) + 7*o(z). Calculate the remainder when 6 is divided by r(0).
1
Let l be (10/6)/(55/198). Suppose 1048 = l*z - z - 3*x, -5*x + 622 = 3*z. What is the remainder when z is divided by 53?
50
What is the remainder when (-14)/77 - 1/((-22)/11994) is divided by 39?
38
Suppose 2462 = -71*z + 8000. What is the remainder when z is divided by 29?
20
Suppose 3*v + 51 = 3*b, 13 = b - 4*v + 2. Let a(i) = -2*i + 16. Calculate the remainder when b is divided by a(4).
3
Let i(w) = 6*w**2 - w. Calculate the remainder when i(-3) is divided by (14/4 + -5)/(18/(-192)).
9
Suppose 10*c - 10 = 50. Suppose -c*m = -3*m - o - 61, 2*m - 2*o = 34. Calculate the remainder when m is divided by 18.
4
Let c = -1 - -10. Let h be -4*((-27)/30 - (-18)/(-30)). Calculate the remainder when 33 + 1 + h/(-2) is divided by c.
4
Calculate the remainder when (75/2)/((-40)/(-480)) is divided by 41.
40
Suppose 241*h + 2440 = 251*h. Let d = 7 + 34. Calculate the remainder when h is divided by d.
39
Let a(x) = -x**3 - 5*x**2 - 9*x + 4. Let o be a(-4). Suppose 3*s - o = 7*s. Let c = 18 + s. What is the remainder when 22 is divided by c?
10
Let t(a) = 2*a**2 - 16*a. Let x(k) = 2*k**2 - 17*k - 1. Let d(m) = 6*t(m) - 5*x(m). What is the remainder when 48 is divided by d(7)?
22
Let f(h) = 13*h**3 + h**2 + 3. Let q be 1 + -1 + 3 + -1. What is the remainder when f(q) is divided by 19?
16
Let s = 561 - 556. Let d be (1 - 1) + 66 + 1. Suppose s*w - 458 - d = 0. Calculate the remainder when w is divided by 27.
24
Suppose 2*q + 4*h + 11 = q, -2*q + 3*h + 11 = 0. Suppose 5*z = 3*y + 4, 1 = -y - y + 5*z. What is the remainder when 31 is divided by (-102)/(-9) + q/y?
9
Let z(a) = a**2 - 8*a - 4. Let n be z(10). Let s(m) = -m**3 + 17*m**2 - 13*m - 34. What is the remainder when 80 is divided by s(n)?
10
Let c be (-1 - -3) + (0 - (-28)/(-7)). What is the remainder when (-31)/c + 48/(-32) is divided by 8?
6
Let u(a) = -2*a**3 + 11*a**2 + a - 31. What is the remainder when 99 is divided by u(4)?
15
Let n(x) be the second derivative of -7*x**3/6 - x**2 - x. Let q be n(-3). Suppose 2*m - q = 21. What is the remainder when 39 is divided by m?
19
Let t(o) = o**2 - 24*o + 31. Calculate the remainder when 14/(5/15*3) is divided by t(23).
6
Let y(u) be the third derivative of -u**5/60 + 5*u**4/24 - 5*u**3/6 - 15*u**2. What is the remainder when (4/(-2))/(-2) - -2 is divided by y(3)?
0
Suppose 131 = b - 4*k, 0 = -b + k - 4*k + 96. Let q be (-1)/(2 - 33/17). Let r = q + b. What is the remainder when r is divided by 24?
22
Let n(z) = z**2 - 6*z + 16. Let j be ((-8)/(-10))/((-4)/(-10)). Suppose 1 = y, -4*m - j*y + 4*y + 26 = 0. Calculate the remainder when n(m) is divided by 13.
10
Let g(o) = -o**2 + 20*o. Let r be g(18). Calculate the remainder when 94 is divided by (-4 + 2)/((-3)/r).
22
Let q(g) = 6*g**2 + 14*g + 29. Let k(m) = 5*m**2 + 14*m + 29. Let w(o) = 5*k(o) - 4*q(o). What is the remainder when 217 is divided by w(-15)?
41
Let v = -313 - -495. Suppose 6*y - 222 = y - 3*g, -4*y = -2*g - v. Let w = -18 - -34. What is the remainder when y is divided by w?
13
Let x(k) = k**3 + 3*k**2 - 2*k + 3. Let j = -3 - -7. Let a be j/(-6) + (-35)/15. Calculate the remainder when 15 is divided by x(a).
6
Let x(o) = -2*o**2 + 19*o - 4. Suppose -2*p + 5*u = -20, -4*u - 10 - 12 = -2*p. What is the remainder when p is divided by x(9)?
0
Let o(t) = 14*t**2 - 10*t + 37. What is the remainder when o(4) is divided by 28?
25
Let l(v) = 68*v - 258. Let d = 123 - 85. What is the remainder when d is divided by l(4)?
10
Suppose -29*i = -14*i - 1425. Calculate the remainder when i is divided by 25.
20
What is the remainder when 19 is divided by (2*3/(-9))/((-4)/114)?
0
Let i(u) = -1166*u - 2. Let l be i(-1). Calculate the remainder when ((-3)/2)/((-18)/l) is divided by 25.
22
Suppose -31*s + 29*s + 8 = 0. Suppose 0 = -p - s*o + 140, 0*p + 5*o + 476 = 4*p. What is the remainder when p is divided by 32?
28
Let q = 408 + -381. What is the remainder when q is divided by 23?
4
What is the remainder when (19566/21 - 6/(-21))/1 is divided by 117?
113
Suppose 7*z - 69 - 78 = 0. Let a(r) = -2*r. What is the remainder when z is divided by a(-4)?
5
Let m(d) = -d**3 - 4*d**2 + 2. Let w be m(-3). Let c(o) = o + 9. What is the remainder when 2 is divided by c(w)?
0
Suppose -3*y = 3*u - 783, 258 = u - 0*u + 4*y. What is the remainder when u is divided by 42?
10
Let z be 1 - 1*(2 + -1). Let v be (6/(-10))/(10/(-850)). Suppose z*a = -3*a + v. Calculate the remainder when 32 is divided by a.
15
Let s(l) = l**3 - 12*l**2 - 7*l - 47. What is the remainder when 59 is divided by s(13)?
28
Let r(o) be the first derivative of o**2/2 + 17*o + 2. Let j be r(-5). Suppose 4*u - j = 0, y - 5 + 3 = 2*u. What is the remainder when 31 is divided by y?
7
Let a = 23 - 41. Let g = a + 35. Suppose -362 = -25*l + 813. What is the remainder when l is divided by g?
13
Let i(g) = g**3 + 2*g**2 - 41*g - 19. Calculate the remainder when 98 is divided by i(6).
6
Let w = -190 + 276. What is the remainder when w is divided by 49?
37
Suppose 4*q - 144 = 732. What is the remainder when q is divided by 10?
9
Let j(s) = s**3 + 17*s**2 - 43*s - 46. What is the remainder when j(-18) is divided by 45?
44
Let r = -128 + 144. Let s(k) = k**3 + 6*k**2 - k - 3. Suppose -25 = 4*m - 5. Calculate the remainder when s(m) is divided by r.
11
Let c = 60 - 48. Suppose -14*d = -142 - c. What is the remainder when 86 is divided by d?
9
Suppose 60 = -h + 5*h. Suppose i = 8 + h. Calculate the remainder when 87 is divided by i.
18
Let j(t) = -32*t + 790. Calculate the remainder when 210 is divided by j(23).
48
Let w(g) = -g**2 - 9*g - 1. Suppose -4*m = -2*x - 32, -x - 2*x - 33 = -3*m. Calculate the remainder when 47 is divided by w(x).
13
Let y(o) = -o**3 + 20*o**2 + 20*o - 11. What is the remainder when y(20) is divided by 26?
25
Suppose 19*c - 14*c = -110. Let f = c + 53. What is the remainder when 59 is divided by f?
28
Let a = -222 - -255. Calculate the remainder when 49 is divided by a.
16
Suppose -6321 = -39*m - 4*m. Calculate the remainder when 297 is divided by m.
3
Suppose 0 = -13*m + 8*m + 125. Let l = -14 + m. Suppose -7*b + l*b - 16 = 0. Calculate the remainder when 5 is divided by b.
1
Let q(u) = u**3 + u + 5. Let z be q(0). Suppose -3*d + z*j = -49, 5*j - 95 = -5*d - 0*d. What is the remainder when 64 is divided by d?
10
Let l(n) = 13*n**2 - n**3 - n**3 + 0*n + 3*n**3 - 18 - 12*n. Let m be l(-14). Let i = 80 + m. Calculate the remainder when i is divided by 9.
7
Suppose 102 = 4*a - 0*z + z, 5*a - 138 = 4*z. Calculate the remainder when 1221 is divided by a.
25
Let s be 1/3*(-2 + 23). Let o be 2/s - (-104)/28. What is the remainder when 35 is divided by (-2)/o + 324/24?
9
Let s be (-4)/(-8)*5*2. Suppose -5*h - s = -330. Let v(r) = r**2 - 31*r + 52. Calculate the remainder when h is divided by v(30).
21
Let p(j) = 2*j + 5. Let z be (11 - -1)*1/2. Suppose 16*n = 14*n + 18. What is the remainder when p(z) is divided by n?
8
Suppose 4*h + k + 22 = 0, 0*h - h - k = 4. Suppose -2*w = -0*p + 5*p - 43, 5*w - 82 = -4*p. What is the remainder when (-236)/